{"id":1288,"date":"2024-01-02T17:30:33","date_gmt":"2024-01-02T17:30:33","guid":{"rendered":"https:\/\/f2gserviciostecnicos.com\/?page_id=1288"},"modified":"2024-01-02T21:05:49","modified_gmt":"2024-01-02T21:05:49","slug":"blog","status":"publish","type":"page","link":"https:\/\/f2gserviciostecnicos.com\/index.php\/blog\/","title":{"rendered":"Blog"},"content":{"rendered":"\t\t<div data-elementor-type=\"wp-page\" data-elementor-id=\"1288\" class=\"elementor elementor-1288\">\n\t\t\t\t\t\t<section class=\"elementor-section elementor-top-section elementor-element elementor-element-7938d22 elementor-section-height-min-height elementor-section-boxed elementor-section-height-default elementor-section-items-middle\" data-id=\"7938d22\" data-element_type=\"section\" data-e-type=\"section\" data-settings=\"{&quot;background_background&quot;:&quot;video&quot;,&quot;background_video_link&quot;:&quot;https:\\\/\\\/youtu.be\\\/5F3BvKhXgxs&quot;}\">\n\t\t\t\t\t\t\t\t<div class=\"elementor-background-video-container elementor-hidden-mobile\">\n\t\t\t\t\t\t\t\t\t\t\t\t\t<div class=\"elementor-background-video-embed\" role=\"presentation\"><\/div>\n\t\t\t\t\t\t\t\t\t\t\t\t<\/div>\n\t\t\t\t\t\t\t\t\t<div class=\"elementor-background-overlay\"><\/div>\n\t\t\t\t\t\t\t<div class=\"elementor-container elementor-column-gap-no\">\n\t\t\t\t\t<div class=\"elementor-column elementor-col-100 elementor-top-column elementor-element elementor-element-160b2a7\" data-id=\"160b2a7\" data-element_type=\"column\" data-e-type=\"column\">\n\t\t\t<div class=\"elementor-widget-wrap elementor-element-populated\">\n\t\t\t\t\t\t<div class=\"elementor-element elementor-element-e5343f1 elementor-widget elementor-widget-heading\" data-id=\"e5343f1\" data-element_type=\"widget\" data-e-type=\"widget\" data-widget_type=\"heading.default\">\n\t\t\t\t<div class=\"elementor-widget-container\">\n\t\t\t\t\t<h1 class=\"elementor-heading-title elementor-size-default\">Bienvenido a Nuestro Blog: Tu Fuente de Noticias, Novedades y Consejos.<\/h1>\t\t\t\t<\/div>\n\t\t\t\t<\/div>\n\t\t\t\t<div class=\"elementor-element elementor-element-8fd21cf elementor-widget__width-initial elementor-widget elementor-widget-text-editor\" data-id=\"8fd21cf\" data-element_type=\"widget\" data-e-type=\"widget\" data-widget_type=\"text-editor.default\">\n\t\t\t\t<div class=\"elementor-widget-container\">\n\t\t\t\t\t\t\t\t\t<p>Aqu\u00ed, encontrar\u00e1s un espacio dedicado a compartir noticias relevantes, actualizaciones emocionantes y valiosos consejos que te mantendr\u00e1n al tanto de todo lo relacionado con calificaci\u00f3n y validaci\u00f3n de equipos, as\u00ed como en la gesti\u00f3n de sistemas HVAC, sistemas de apoyo cr\u00edtico y m\u00e1s.<\/p>\t\t\t\t\t\t\t\t<\/div>\n\t\t\t\t<\/div>\n\t\t\t\t\t<\/div>\n\t\t<\/div>\n\t\t\t\t\t<\/div>\n\t\t<\/section>\n\t\t<div class=\"elementor-element elementor-element-44e36ee e-flex e-con-boxed e-con e-parent\" data-id=\"44e36ee\" data-element_type=\"container\" data-e-type=\"container\">\n\t\t\t\t\t<div class=\"e-con-inner\">\n\t\t\t\t<div class=\"elementor-element elementor-element-7823110 meta-visibility-show section-title-style-style1 title_position_default title_hover_border_default title-default img_hover_animation_default meta_position_default tpg-is-author-icon-show author-image-visibility-icon tpg-category-position-default readmore-btn-default-style grid-hover-overlay-type-always grid-hover-overlay-height-default hover-overlay-height-default tpg-border-bottom-disable elementor-widget elementor-widget-tpg-grid-hover-layout\" data-id=\"7823110\" data-element_type=\"widget\" data-e-type=\"widget\" data-widget_type=\"tpg-grid-hover-layout.default\">\n\t\t\t\t<div class=\"elementor-widget-container\">\n\t\t\t\t\t\n        <div class=\"rt-container-fluid rt-tpg-container tpg-el-main-wrapper grid_hover-layout1-main \"\n             id=\"rt-tpg-container-4110104855\"\n             data-layout=\"grid_hover-layout1\"\n             data-sc-id=\"elementor\"\n             data-el-settings=''\n             data-el-query=''\n             data-el-path=''\n        >\n\t\t\t            <div class='tpg-header-wrapper '>\n\t\t\t\t\n        <div class=\"tpg-widget-heading-wrapper rt-clear heading-style1 \">\n            <span class=\"tpg-widget-heading-line line-left\"><\/span>\n\t\t\t<h2 class='tpg-widget-heading'>\n\t\t\t\n\t\t\t\t                    <span>\n\t\t\t\t\t\tLo Nuevo\t\t\t\t\t<\/span>\n\t\t\t\t\t\n\t\t\t\t\t\t\t<\/h2>            <span class=\"tpg-widget-heading-line line-right\"><\/span>\n\n\t\t\t\n        <\/div>\n\n\t\t\n\t\t            <\/div>\n\n            <div data-title=\"Loading ...\"\n                 class=\"rt-row rt-content-loader grid_hover-layout1 tpg-even grid-behaviour grid_hover_layout_wrapper\">\n\t\t\t\t\n<div class=\"rt-col-md-4 rt-col-sm-6 rt-col-xs-12 default rt-grid-hover-item rt-grid-item\" data-id=\"1309\">\n\t<div class=\"rt-holder tpg-post-holder \">\n\t\t<div class=\"rt-detail rt-el-content-wrapper\">\n\t\t\t\t\t\t\t<div class=\"rt-img-holder tpg-el-image-wrap has-thumbnail\">\n\t\t\t\t\t<a data-id=\"1309\" href=\"https:\/\/f2gserviciostecnicos.com\/index.php\/2024\/01\/02\/la-importancia-vital-de-la-calificacion-de-equipos-en-la-industria-farmaceutica\/\" class=\"tpg-post-link\" target=\"_self\">                        <img fetchpriority=\"high\" decoding=\"async\" src=\"https:\/\/f2gserviciostecnicos.com\/wp-content\/uploads\/2023\/12\/tanques-aluminio-almacenamiento-materias-primas-industria-quimica-condiciones-esteriles-empresa-768x512.jpg\"\n                             class=\"rt-img-responsive\"\n                             width=\"768\"\n                             height=\"512\"\n                             alt=\"La Importancia Vital de la Calificaci\u00f3n de Equipos en la Industria Farmac\u00e9utica\">\n\t\t\t\t\t\t\n\t\t\t\t\t\t\t\n\t\t<\/a>\n\t\t        <div class=\"overlay grid-hover-content\"><\/div>\n\t\t\t\t\t\t<\/div>\n\t\t\t\n\t\t\t<div class=\"grid-hover-content\">\n\t\t\t\t<div class=\"entry-title-wrapper\"><h3 class=\"entry-title\"><a data-id=\"1309\" href=\"https:\/\/f2gserviciostecnicos.com\/index.php\/2024\/01\/02\/la-importancia-vital-de-la-calificacion-de-equipos-en-la-industria-farmaceutica\/\" class=\"tpg-post-link\" target=\"_self\">La Importancia Vital de la Calificaci\u00f3n de Equipos en la Industria Farmac\u00e9utica<\/a><\/h3><\/div>\n\t\t\t\t\t\t\t\t\t<div class=\"post-meta-tags rt-el-post-meta\">\n\t\t\t\t\t\t            <span class='author '>\n\n\t\t\t\t<i class='fa fa-user '><\/i><span class='author-prefix'>By<\/span><a href=\"https:\/\/f2gserviciostecnicos.com\/index.php\/author\/f2gserviciostecnicos\/\">f2gserviciostecnicos<\/a>\t\t\t<\/span>\n\t\t\t            <span class='date'>\n\t\t\t\t<i class='far fa-calendar-alt '><\/i>\t\t\t\t                    <a href=\"https:\/\/f2gserviciostecnicos.com\/index.php\/2024\/01\/02\/\">\n\t\t\t\t\tenero 2, 2024\t\t\t\t<\/a>\n\t\t\t\t\t\t\t<\/span>\n\t\t\t            <span class='categories-links'>\n\t\t\t\t<i class='fas fa-folder-open '><\/i><a class=\"blog\" href=\"https:\/\/f2gserviciostecnicos.com\/index.php\/category\/blog\/\">Blog<\/a>\t\t\t<\/span>\n\t\t\t\t\t\t\t\t<\/div>\n\t\t\t\t\n\t\t\t\t\t\t\t\t\t<div class=\"tpg-excerpt tpg-el-excerpt\">\n\t\t\t\t\t\t\t\t\t\t\t\t\t<div class=\"tpg-excerpt-inner\">\n\t\t\t\t\t\t\t\tEn el universo altamente regulado de la industria farmac\u00e9utica, la calificaci\u00f3n precisa de equipos...\t\t\t\t\t\t\t<\/div>\n\t\t\t\t\t\t\t\t\t\t\t\t\t\t\t\t\t<\/div>\n\t\t\t\t\n\t\t\t\t        <div class=\"post-footer\">\n            <div class=\"post-footer\">\n                <div class=\"read-more\">\n\t\t\t\t\t<a data-id=\"1309\" href=\"https:\/\/f2gserviciostecnicos.com\/index.php\/2024\/01\/02\/la-importancia-vital-de-la-calificacion-de-equipos-en-la-industria-farmaceutica\/\" class=\"tpg-post-link\" target=\"_self\">Read More<\/a>                <\/div>\n            <\/div>\n        <\/div>\n\t\t\t\t\t<\/div>\n\t\t<\/div>\n\t<\/div>\n<\/div>\n\n<div class=\"rt-col-md-4 rt-col-sm-6 rt-col-xs-12 default rt-grid-hover-item rt-grid-item\" data-id=\"1303\">\n\t<div class=\"rt-holder tpg-post-holder \">\n\t\t<div class=\"rt-detail rt-el-content-wrapper\">\n\t\t\t\t\t\t\t<div class=\"rt-img-holder tpg-el-image-wrap has-thumbnail\">\n\t\t\t\t\t<a data-id=\"1303\" href=\"https:\/\/f2gserviciostecnicos.com\/index.php\/2024\/01\/02\/f2g-excelencia-en-servicios-tecnicos-especializados\/\" class=\"tpg-post-link\" target=\"_self\">                        <img decoding=\"async\" src=\"https:\/\/f2gserviciostecnicos.com\/wp-content\/uploads\/2023\/12\/dos-cientificos-uniforme-profesional-trabajando-laboratorio-1-768x432.jpg\"\n                             class=\"rt-img-responsive\"\n                             width=\"768\"\n                             height=\"432\"\n                             alt=\"F2G: Excelencia en Servicios T\u00e9cnicos Especializados\">\n\t\t\t\t\t\t\n\t\t\t\t\t\t\t\n\t\t<\/a>\n\t\t        <div class=\"overlay grid-hover-content\"><\/div>\n\t\t\t\t\t\t<\/div>\n\t\t\t\n\t\t\t<div class=\"grid-hover-content\">\n\t\t\t\t<div class=\"entry-title-wrapper\"><h3 class=\"entry-title\"><a data-id=\"1303\" href=\"https:\/\/f2gserviciostecnicos.com\/index.php\/2024\/01\/02\/f2g-excelencia-en-servicios-tecnicos-especializados\/\" class=\"tpg-post-link\" target=\"_self\">F2G: Excelencia en Servicios T\u00e9cnicos Especializados<\/a><\/h3><\/div>\n\t\t\t\t\t\t\t\t\t<div class=\"post-meta-tags rt-el-post-meta\">\n\t\t\t\t\t\t            <span class='author '>\n\n\t\t\t\t<i class='fa fa-user '><\/i><span class='author-prefix'>By<\/span><a href=\"https:\/\/f2gserviciostecnicos.com\/index.php\/author\/f2gserviciostecnicos\/\">f2gserviciostecnicos<\/a>\t\t\t<\/span>\n\t\t\t            <span class='date'>\n\t\t\t\t<i class='far fa-calendar-alt '><\/i>\t\t\t\t                    <a href=\"https:\/\/f2gserviciostecnicos.com\/index.php\/2024\/01\/02\/\">\n\t\t\t\t\tenero 2, 2024\t\t\t\t<\/a>\n\t\t\t\t\t\t\t<\/span>\n\t\t\t            <span class='categories-links'>\n\t\t\t\t<i class='fas fa-folder-open '><\/i><a class=\"blog\" href=\"https:\/\/f2gserviciostecnicos.com\/index.php\/category\/blog\/\">Blog<\/a>\t\t\t<\/span>\n\t\t\t\t\t\t\t\t<\/div>\n\t\t\t\t\n\t\t\t\t\t\t\t\t\t<div class=\"tpg-excerpt tpg-el-excerpt\">\n\t\t\t\t\t\t\t\t\t\t\t\t\t<div class=\"tpg-excerpt-inner\">\n\t\t\t\t\t\t\t\tEn el din\u00e1mico mundo de los servicios t\u00e9cnicos especializados, F2G destaca como un referente de...\t\t\t\t\t\t\t<\/div>\n\t\t\t\t\t\t\t\t\t\t\t\t\t\t\t\t\t<\/div>\n\t\t\t\t\n\t\t\t\t        <div class=\"post-footer\">\n            <div class=\"post-footer\">\n                <div class=\"read-more\">\n\t\t\t\t\t<a data-id=\"1303\" href=\"https:\/\/f2gserviciostecnicos.com\/index.php\/2024\/01\/02\/f2g-excelencia-en-servicios-tecnicos-especializados\/\" class=\"tpg-post-link\" target=\"_self\">Read More<\/a>                <\/div>\n            <\/div>\n        <\/div>\n\t\t\t\t\t<\/div>\n\t\t<\/div>\n\t<\/div>\n<\/div>\n            <\/div>\n\n\t\t\t        <\/div>\n\t\t\t\t\t\t<\/div>\n\t\t\t\t<\/div>\n\t\t\t\t\t<\/div>\n\t\t\t\t<\/div>\n\t\t<div class=\"elementor-element elementor-element-3d9a77a e-flex e-con-boxed e-con e-parent\" data-id=\"3d9a77a\" data-element_type=\"container\" data-e-type=\"container\">\n\t\t\t\t\t<div class=\"e-con-inner\">\n\t\t\t\t\t<\/div>\n\t\t\t\t<\/div>\n\t\t\t\t<\/div>\n\t\t","protected":false},"excerpt":{"rendered":"<p>Bienvenido a Nuestro Blog: Tu Fuente de Noticias, Novedades y Consejos. Aqu\u00ed, encontrar\u00e1s un espacio dedicado a compartir noticias relevantes, actualizaciones emocionantes y valiosos consejos que te mantendr\u00e1n al tanto de todo lo relacionado con calificaci\u00f3n y validaci\u00f3n de equipos, as\u00ed como en la gesti\u00f3n de sistemas HVAC, sistemas de apoyo cr\u00edtico y m\u00e1s. Lo &hellip;<\/p>\n<p class=\"read-more\"> <a class=\"\" href=\"https:\/\/f2gserviciostecnicos.com\/index.php\/2024\/01\/02\/f2g-excelencia-en-servicios-tecnicos-especializados\/\"> <span class=\"screen-reader-text\">F2G: Excelencia en Servicios T\u00e9cnicos Especializados<\/span> Leer m\u00e1s &raquo;<\/a><\/p>\n","protected":false},"author":1,"featured_media":0,"parent":0,"menu_order":0,"comment_status":"closed","ping_status":"closed","template":"","meta":{"_uag_custom_page_level_css":"","site-sidebar-layout":"no-sidebar","site-content-layout":"page-builder","ast-site-content-layout":"full-width-container","site-content-style":"default","site-sidebar-style":"default","ast-global-header-display":"","ast-banner-title-visibility":"","ast-main-header-display":"","ast-hfb-above-header-display":"","ast-hfb-below-header-display":"","ast-hfb-mobile-header-display":"","site-post-title":"disabled","ast-breadcrumbs-content":"","ast-featured-img":"disabled","footer-sml-layout":"","theme-transparent-header-meta":"","adv-header-id-meta":"","stick-header-meta":"","header-above-stick-meta":"","header-main-stick-meta":"","header-below-stick-meta":"","astra-migrate-meta-layouts":"set","ast-page-background-enabled":"default","ast-page-background-meta":{"desktop":{"background-color":"var(--ast-global-color-4)","background-image":"","background-repeat":"repeat","background-position":"center center","background-size":"auto","background-attachment":"scroll","background-type":"","background-media":"","overlay-type":"","overlay-color":"","overlay-gradient":""},"tablet":{"background-color":"","background-image":"","background-repeat":"repeat","background-position":"center center","background-size":"auto","background-attachment":"scroll","background-type":"","background-media":"","overlay-type":"","overlay-color":"","overlay-gradient":""},"mobile":{"background-color":"","background-image":"","background-repeat":"repeat","background-position":"center center","background-size":"auto","background-attachment":"scroll","background-type":"","background-media":"","overlay-type":"","overlay-color":"","overlay-gradient":""}},"ast-content-background-meta":{"desktop":{"background-color":"var(--ast-global-color-5)","background-image":"","background-repeat":"repeat","background-position":"center center","background-size":"auto","background-attachment":"scroll","background-type":"","background-media":"","overlay-type":"","overlay-color":"","overlay-gradient":""},"tablet":{"background-color":"var(--ast-global-color-5)","background-image":"","background-repeat":"repeat","background-position":"center center","background-size":"auto","background-attachment":"scroll","background-type":"","background-media":"","overlay-type":"","overlay-color":"","overlay-gradient":""},"mobile":{"background-color":"var(--ast-global-color-5)","background-image":"","background-repeat":"repeat","background-position":"center center","background-size":"auto","background-attachment":"scroll","background-type":"","background-media":"","overlay-type":"","overlay-color":"","overlay-gradient":""}},"_joinchat":[],"footnotes":""},"class_list":["post-1288","page","type-page","status-publish","hentry"],"uagb_featured_image_src":{"full":false,"thumbnail":false,"medium":false,"medium_large":false,"large":false,"1536x1536":false,"2048x2048":false},"uagb_author_info":{"display_name":"f2gserviciostecnicos","author_link":"https:\/\/f2gserviciostecnicos.com\/index.php\/author\/f2gserviciostecnicos\/"},"uagb_comment_info":0,"uagb_excerpt":"Bienvenido a Nuestro Blog: Tu Fuente de Noticias, Novedades y Consejos. Aqu\u00ed, encontrar\u00e1s un espacio dedicado a compartir noticias relevantes, actualizaciones emocionantes y valiosos consejos que te mantendr\u00e1n al tanto de todo lo relacionado con calificaci\u00f3n y validaci\u00f3n de equipos, as\u00ed como en la gesti\u00f3n de sistemas HVAC, sistemas de apoyo cr\u00edtico y m\u00e1s. Lo&hellip;","rttpg_featured_image_url":null,"rttpg_author":{"display_name":"f2gserviciostecnicos","author_link":"https:\/\/f2gserviciostecnicos.com\/index.php\/author\/f2gserviciostecnicos\/"},"rttpg_comment":0,"rttpg_category":"","rttpg_excerpt":"Bienvenido a Nuestro Blog: Tu Fuente de Noticias, Novedades y Consejos. Aqu\u00ed, encontrar\u00e1s un espacio dedicado a compartir noticias relevantes, actualizaciones emocionantes y valiosos consejos que te mantendr\u00e1n al tanto de todo lo relacionado con calificaci\u00f3n y validaci\u00f3n de equipos, as\u00ed como en la gesti\u00f3n de sistemas HVAC, sistemas de apoyo cr\u00edtico y m\u00e1s. Lo&hellip;","_links":{"self":[{"href":"https:\/\/f2gserviciostecnicos.com\/index.php\/wp-json\/wp\/v2\/pages\/1288","targetHints":{"allow":["GET"]}}],"collection":[{"href":"https:\/\/f2gserviciostecnicos.com\/index.php\/wp-json\/wp\/v2\/pages"}],"about":[{"href":"https:\/\/f2gserviciostecnicos.com\/index.php\/wp-json\/wp\/v2\/types\/page"}],"author":[{"embeddable":true,"href":"https:\/\/f2gserviciostecnicos.com\/index.php\/wp-json\/wp\/v2\/users\/1"}],"replies":[{"embeddable":true,"href":"https:\/\/f2gserviciostecnicos.com\/index.php\/wp-json\/wp\/v2\/comments?post=1288"}],"version-history":[{"count":20,"href":"https:\/\/f2gserviciostecnicos.com\/index.php\/wp-json\/wp\/v2\/pages\/1288\/revisions"}],"predecessor-version":[{"id":1364,"href":"https:\/\/f2gserviciostecnicos.com\/index.php\/wp-json\/wp\/v2\/pages\/1288\/revisions\/1364"}],"wp:attachment":[{"href":"https:\/\/f2gserviciostecnicos.com\/index.php\/wp-json\/wp\/v2\/media?parent=1288"}],"curies":[{"name":"wp","href":"https:\/\/api.w.org\/{rel}","templated":true}]}}